((-36)/(-48))/((-2)/8). Determine l(y).
-5
Let o be (-2)/4*(-2 + -8). Let b = -11 - -14. Let n(p) = -2 - b*p + 0*p**2 - 1 + p**2. Give n(o).
7
Let h(a) be the first derivative of 2*a + 1 - 1/2*a**2. Suppose -5 = o - 7. Calculate h(o).
0
Let w(o) = o - 1. Let b(d) = 12. Let k(l) = b(l) + 2*w(l). What is k(-7)?
-4
Let p(t) = t**3 + 5*t**2 + 5*t. Let a be p(-4). Let u be -4*(-1)/a*-3. Suppose u*n = n + 2. Let v(g) = 2*g**3 + g**2 - 2*g + 1. Give v(n).
2
Let q(v) = -11*v**2 + v - 3. Let g(t) = 60*t**2 - 3*t + 16 - 3*t - 4*t**2. Let m = -7 - -5. Let n(d) = m*g(d) - 11*q(d). What is n(-1)?
9
Suppose -55 + 61 = -s. Let d(m) = m**3 + 7*m**2 + 7*m + 9. What is d(s)?
3
Let c(b) = -2*b**2 - 2*b - 1. Let h be (-69)/4 - 7/(-28). Let r = 16 + h. Calculate c(r).
-1
Let s(o) = -2*o**3 - 4*o**2 - o + 2. Let j(q) = 4*q - 3*q + 5 - 4. Let m be j(-3). Calculate s(m).
4
Let x be (-10)/(-2)*-2 - -2. Let s = x - -11. Let w(q) = -3*q + 2*q - s - 3. What is w(0)?
-6
Suppose 5*s + n = -24, -4*s - n = -3*s + 4. Let o(b) = 3*b + 2. Calculate o(s).
-13
Let u be 8*((-1)/2)/(-1). Let n(x) be the first derivative of -x**4/4 + 5*x**3/3 - 2*x**2 - 3*x + 2. Calculate n(u).
-3
Let s(x) be the first derivative of -3*x**2 - x + 1/3*x**3 + 7. Calculate s(6).
-1
Let w(i) = -2*i**3 - 2*i**2 + 2*i + 2. Let c(f) = f**2 - 7*f - 8. Let j be c(8). Let x be (1 - 2)*(1 - -1). Let h = j + x. Calculate w(h).
6
Let w be 1 + 4/8*-6. Let x(v) = 3*v + 4 - v**2 - 1 - v. Give x(w).
-5
Let l(a) = 3*a**2 - 7*a + 3. Let w be 4/(-14) + (-555)/(-105). Let f(y) = -y**2 + 4*y - 2. Let x(u) = w*f(u) + 2*l(u). Give x(-7).
3
Let w(h) = h - 7. Suppose 3 = o - 1. Let q be o + (2 - -2 - 3). Determine w(q).
-2
Let h = -7 + 12. Suppose -h*p - 22 = -2. Let l(y) be the first derivative of y**4/4 + 5*y**3/3 + 5*y**2/2 - 2*y - 3. Give l(p).
-6
Let h = 4 + 1. Let f(o) = 3*o**3 + 3*o - 5. Let z(s) = 4*s**3 - s**2 + 3*s - 6. Let i(c) = -5*f(c) + 4*z(c). Determine i(h).
11
Let p = -11 + 13. Let b(j) = j**2 - 3*j + 3. What is b(p)?
1
Suppose 2*y - 14 = -4*a, -4*y + 1 + 3 = 2*a. Let u(k) = -2*k - 1. What is u(a)?
-9
Let x(n) = 4*n**2 + 2*n - 2. Let l be ((2 - -2) + 2)/2. Let f(j) = j**2 + j. Let u(s) = l*f(s) - x(s). Let p be u(2). Let o(g) = g**2 + g + 7. Calculate o(p).
7
Let p(u) = u - 3. Suppose -14 = i + 3*a, 4*a = -2*i - 28 + 6. Determine p(i).
-8
Let h(y) = y**3 - 2*y**2 - 3*y - 1. Suppose -32 = 2*d + 16. Let b = d + 22. Give h(b).
-11
Let o(z) = z**3 + 6*z**2 + z + 3. Let y(i) = -i**3 - 4*i**2 - 2*i + 2. Let p be y(-3). Let h = p - 5. Calculate o(h).
-3
Let n(w) = 2*w - 4. Let k be n(4). Suppose -k*l + l - 9 = 0. Let x(b) = -2*b. Give x(l).
6
Let h(x) = -4*x**2 - 2*x + 1. Let i(b) = 7*b**2 + 15*b + 2. Let j(k) = -11*k**2 - 22*k - 3. Let z(m) = 8*i(m) + 5*j(m). Let g be z(-10). Determine h(g).
-5
Let t(p) be the first derivative of -p**2/2 + 10*p - 8. Determine t(0).
10
Let s(x) be the first derivative of -x**4/4 + 2*x**3 - 2*x**2 - 2*x - 1. Let j be 10 + -4 - (0 + 2). What is s(j)?
14
Let u(y) be the first derivative of -y**4/2 - y**3 - 3*y**2/2 - 2*y + 11. Give u(-2).
8
Suppose -7*m + 23*m = -112. Let b(k) = -k**3 - 7*k**2 - k + 3. Give b(m).
10
Let j = -13 + -3. Let g be (4/j)/((-1)/4). Let z(w) = -4*w**2 + 1. Let k(n) = -n**2 + n + 1. Let m(c) = g*z(c) - 3*k(c). Calculate m(-4).
-6
Let k be (-2)/(-6) - (-8)/3. Let u(x) = x**3 + 5*x**2 + 0 - 5*x + 6 + 3*x + k*x. What is u(-5)?
1
Suppose 3*q - 5*x = -20, 3*x = 2*q - 2*x + 20. Suppose q = 3*r - 20 + 8. Let v(m) = -r*m + 5*m - 3*m - 4 + 0*m. What is v(-4)?
4
Let v(d) be the second derivative of d**3/6 + 7*d**2/2 - 3*d. Let g be v(-6). Let i(a) = -1 - g - 1 + 3*a. Calculate i(3).
6
Let v(d) = 8*d - 2. Let f = 57 - 56. Give v(f).
6
Let x be (21/35)/((-1)/(-5)). Let a(w) be the second derivative of -w**3/3 + 3*w**2/2 + w. Give a(x).
-3
Suppose 5 = -5*h + 20, 5*h - 11 = 2*z. Let y(f) = f**3 + 11 - 4*f**z - 12 + 4*f - 3. Give y(3).
-1
Let g(r) = r**3 - 7*r**2 + 6*r - 6. Suppose 2*o = -12 + 24. Calculate g(o).
-6
Let r(y) = -y**2 + y - 2. Let c be r(2). Let l(b) = b**3 + 4*b**2 - 2*b - 5. Give l(c).
3
Suppose 2*t - 12 = -3*i, t = -2*i - 4*t + 19. Let k(l) = 34*l + 3 + l**i - 31*l - l**3 + 4*l**2. Give k(6).
-15
Let x(b) = -390*b + 392*b + 3 - 2. Let g = -9 - -4. Determine x(g).
-9
Let q(p) = -2 - 6*p**2 + 5*p**2 + 8*p**2 + p + 0*p. What is q(2)?
28
Let w(k) be the third derivative of -k**4/8 + k**3/6 + k**2. Let m(b) = -2*b**2 - 2*b - 2. Let v be m(-1). Give w(v).
7
Let s(z) = -2*z - 3. Let v be (-3)/((-5)/((-60)/(-9))). Suppose -x - 3 = -2*g + 7, 3*x + v*g + 10 = 0. What is s(x)?
9
Let b = 3 - 4. Let w(f) = -3*f**3 + 2*f**2 + f. Calculate w(b).
4
Suppose 5*k + 20 = -5*m, 0 = 4*m + 16 + 4. Let q(r) = r**2 + 1. Determine q(k).
2
Let k(f) = -1 + 0*f**2 - 4*f + 2*f**2 - 3*f - 3*f**2. Give k(-6).
5
Let x(y) = 6 + y - 1 + y. Let n(g) = -g**3 - 6*g**2 - 4. Let a be n(-6). What is x(a)?
-3
Let o(g) = -g. Let t(h) = -4*h + 3. Let n(z) = -2*o(z) + t(z). Let q be -5 + 12 - 2/1. What is n(q)?
-7
Let k(p) = -2*p + 0*p + 2 - 3. Let f(y) = 5*y - 8. Let r(v) = 3*v - 5. Let i(w) = -5*f(w) + 8*r(w). Let o(t) = -3*i(t) + k(t). What is o(-2)?
-3
Let b(m) = -3*m**3 - 4*m**2 - 3*m - 2. Suppose -s + 5*s = c - 12, -5*s - 14 = -c. Calculate b(s).
12
Let i(a) = -a**2 + a - 1. Let r = -192 - -190. Calculate i(r).
-7
Let t(y) = -y**2 + y - 8. Let l be (0/(-1*(-2)/2))/3. Determine t(l).
-8
Let o(t) = t**3 + 8*t**2 + t + 10. Let y be o(-8). Let b(n) = 3 - 4 + 4*n + 0. Give b(y).
7
Let a(m) = m**3 - 8*m**2 - 2*m + 9. Let r be a(8). Let n = -11 - r. Let w(d) = -d**2 + 4*d**2 - 5*d + d**3 + 0*d**2 - 3. Determine w(n).
1
Let q(a) = -a**3 - a**2 - 5*a - 11. Let j(t) = -t**3 - 4*t - 8. Let y(o) = -5*j(o) + 4*q(o). Suppose -20 = -4*z - z. Give y(z).
-4
Suppose -32 = -5*q + q. Suppose -3*w + 9 = -3*n, q = -3*n - 1. Let v(k) = k - 3. Calculate v(w).
-3
Let u(q) = -q + 7. Let l(z) = 6*z - 36. Let s(m) = -4*l(m) - 21*u(m). Determine s(-4).
9
Let k(s) be the first derivative of s**4/4 - 4*s**3/3 - 2*s**2 - 5*s + 4. What is k(5)?
0
Let b be -2 + (2 - -1) + 6. Let z(s) = s**2 + 5*s**2 + s**3 + 0*s**2 + 7*s + 5 - 2*s**3. What is z(b)?
5
Let i(t) = 2*t**2 + 4*t + 3. Let k = -2 - -7. Suppose k*n + 16 - 2 = -4*r, n - r = -1. Let w be i(n). Let f(p) = 2*p**2 - 3*p. Calculate f(w).
9
Let i = 15 + -13. Let l(x) be the second derivative of i*x + 5/2*x**2 + 0 - 1/6*x**3. Give l(-4).
9
Suppose -2*k - 25 = -7*k. Suppose 3*v - 14 = -4*i, k*i - 48 + 15 = 4*v. Let l(t) = t**3 - 5*t**2 + 3*t - 4. Determine l(i).
11
Suppose -3*a - 3 = -2*a. Let o(z) = 4*z - 102*z**2 - 104*z**2 + 207*z**2 - 2. Determine o(a).
-5
Let f(j) = 1 + 2*j - 2*j - 5*j + 6*j. Determine f(-3).
-2
Let t(w) be the first derivative of -2*w**3/3 + 3*w**2/2 - 2*w - 2. Let q(a) = -5*a**2 + 8*a - 5. Let x(o) = 3*q(o) - 8*t(o). Calculate x(3).
10
Let r(m) = -m**3 - m**2. Let g(j) = -4*j. Let y be g(-1). Suppose -3*x - 4*a + 34 = a, 3*x - 2*a = -1. Let k = x - y. What is r(k)?
0
Let x be (-6)/9 - (-16)/6. Let n(l) = -10*l**2 + 10*l + 4. Let c(f) = -29*f**2 + 29*f + 11. Let t(y) = 6*c(y) - 17*n(y). Give t(x).
-10
Let l(v) = 13*v + 1. Let i be 4 + (-1 - (4 + 0)). What is l(i)?
-12
Let g(l) = -6 - 6 - l**2 + 0*l + 9*l**3 - 7*l. Let f(a) = 3 + 4*a + 0*a - 4*a**3 + 3. Let p(o) = 7*f(o) + 3*g(o). Give p(-4).
-6
Let i(q) = q + 3. Let j(u) = -u - 1. Let d(w) = 7*w + 10. Let o(l) = -d(l) - 5*j(l). Let p(r) = 7*i(r) + 3*o(r). Give p(0).
6
Let p = 3 + 3. Let d(n) = -n + 1. Give d(p).
-5
Let g = 34 - 39. Let t(h) be the first derivative of -h**4/4 - 5*h**3/3 - 2*h + 1. Calculate t(g).
-2
Suppose -22 = 5*q - 67. Let r(j) = -j**3 + 8*j**2 + 10*j - 10. What is r(q)?
-1
Let a(i) = i**3 - 10*i**2 + 9*i + 3. Let l be a(9). Let q(w) = 5 - 2 - w + 2*w**2 - l. Suppose -3 = -2*z - z. Determine q(z).
1
Let a(k) = 2*k**3 + 36*k**2 + 38*k + 65. Let o be a(-17). Let u(j) = -j. Let m(s) = s - 2. Let x(q) = -m(q) + 2*u(q). Give x(o).
11
Let x(v) = -v + 16. Let n be x(13). Let s(d) = d**2 - d + 1. Determine s(n).
7
Let p(y) = y - 3. Let c(a) = -a + 2. Let b(x) = -5*c(x) - 4*p(x). Determine b(4).
6
Let n(t) = -t + 10. Let r be n(9). Let p be (-1*1/(-1))/r. Let z(d) = -4*d - 7*d**3 + 5*d - 2*d. Give z(p).
-8
Let n(h) be the third derivative of -1/30*h**6 + 0 + 4*h**2 + 1/24*h**4 - 1/30*h**5 +